uppose 5*x - 1441 = -2*p - 0*p, 580 = 2*x + 2*p. Calculate the remainder when 293 is divided by x.
6
Let v(b) = -33*b + 3. Let d be v(3). Let s be d/(-30) - 2/10. Suppose s*z + z = 52. Calculate the remainder when z is divided by 5.
3
Suppose -5*r - r = 474. Let y = -50 - r. What is the remainder when 84 is divided by y?
26
Let a(t) = -14*t - 191. Calculate the remainder when 4/8*(15 + -1) is divided by a(-14).
2
Let c be ((-20)/8)/((-5)/4). Suppose -4*j + 4*q = j - 34, -c*q - 20 = -3*j. What is the remainder when 26 is divided by j?
2
Suppose 2*a + 3*m = 22, -a + 6*a - 66 = -2*m. Let p(t) = t**3 + 8*t**2 - 11*t - 7. What is the remainder when p(-8) is divided by a?
11
Let s(y) = y**2 + 2*y + 4. Let p(z) = -z**2 + 13*z - 19. What is the remainder when s(6) is divided by p(3)?
8
Let u(n) = -8*n + 5. What is the remainder when 48 is divided by u(-2)?
6
Let p = 77 - 96. Let b(f) = -f**3 - 20*f**2 - 19*f + 3. What is the remainder when (-10)/(-4)*(3 - 1) is divided by b(p)?
2
Let u = 16 - 7. Suppose 0 = 5*o + 86 - 271. What is the remainder when o is divided by ((-10)/3)/((-3)/u)?
7
Let g = 2071 + -1927. Calculate the remainder when g is divided by 7.
4
Let k(h) = -14*h**3 + h**2 + 2*h + 1. Calculate the remainder when k(-1) is divided by 4 + -6*1*4/(-6).
6
Calculate the remainder when 299 is divided by 4 + (30/4 - 5/(-10)).
11
Suppose 0 = -4*k + z + 228, -16*z + 12*z - 228 = -4*k. What is the remainder when k is divided by 25?
7
Let o(x) = -118*x**3 + 2*x**2 + 8*x + 6. What is the remainder when o(-1) is divided by 24?
22
Suppose 4*b - 10*a + 8*a - 116 = 0, 5*b + 4*a = 145. Calculate the remainder when 65 is divided by b.
7
Let r = 45 - 19. What is the remainder when (-7 + -4)/((-2)/r) is divided by 29?
27
Let x be (-1)/7 + (-3484)/14. Suppose 14 = -0*s - 2*s. What is the remainder when x/1*s/21 is divided by 28?
27
Let p(c) = -c**3 + 2*c**2 + c + 3. Let o be p(3). Let h be (o + (-9)/(-3))/1. Suppose -v + 31 + 11 = h. What is the remainder when v is divided by 11?
9
Suppose 4*r - 2*a - 692 + 186 = 0, -r + 131 = -5*a. Suppose -4*z = -5*k + r, -4*k + z - 2*z = -84. What is the remainder when 68 - (-16)/(-4)*1 is divided by k?
20
Suppose -4*m = -6*m + 26. Let z(q) = -8*q + 3. Let h be z(-4). Suppose 41 + h = 2*t. Calculate the remainder when t is divided by m.
12
Let q = 23 + -15. Let y be 441/28 - (-2)/q. Let a = y + -2. What is the remainder when a is divided by 4?
2
Suppose 6*a - 31 = 5*a. Suppose -4*b + 5*b = 49. Let c = b - a. Calculate the remainder when 31 is divided by c.
13
Calculate the remainder when ((0 - 1) + (50 - -29))*3 is divided by 48.
42
Let i be 0 + -37 + 12 + -13. Let o = i + 47. Suppose 12 = -3*z, 2*h = -4*z + 2*z + 58. What is the remainder when h is divided by o?
6
Let b(q) = q**3 + 5*q**2 - 7*q - 3. Let i be b(-6). Suppose 0 = -4*c + 2*c - 10, -2*t = -i*c - 105. What is the remainder when 177 is divided by t?
42
Suppose -6 + 1 = 5*f. Let a be (-182)/(-39)*(f + 4). Suppose 2*i - a = -0*i. What is the remainder when 19 is divided by i?
5
Suppose -4*u + 55 = 5*d, -2*d - 15 = d. Suppose m + 354 = 6*p - p, -5*m = u. What is the remainder when p is divided by 37?
33
Suppose t = 4 + 5. Let z = 102 - t. What is the remainder when z is divided by 0 + 0 + 27 + -3?
21
What is the remainder when (73/(-4))/(((-11)/(-132))/(-1)) is divided by 70?
9
Suppose 0 = -75*c + 86*c - 66. Calculate the remainder when 11 is divided by c.
5
Let r = 565 - 507. What is the remainder when 113 is divided by r?
55
Suppose 2*s - 933 = -865. What is the remainder when 237 is divided by s?
33
Let t(r) = r. Let a(d) = -d**2 + d - 2. Let p(n) = -a(n) + 5*t(n). Calculate the remainder when p(-5) is divided by 4.
3
Let o be 1/3*(-16 - -28). What is the remainder when 11 is divided by (-18)/(-15)*(3 + 18/o)?
2
Let l(b) = 3*b + 1. Let u be l(11). Suppose -31 = -5*y + u. What is the remainder when 23 is divided by y?
10
Let k(g) = 3*g**2 - 6*g - 1. Let r(m) = m**2 - m + 4. Let i be r(0). Calculate the remainder when 113 is divided by k(i).
21
Calculate the remainder when (1*2)/((-10)/(-950)) is divided by 48.
46
Suppose 0 = -0*d + 3*d - 42. Let f(w) = 121*w + 2324. What is the remainder when f(-19) is divided by d?
11
Let m(f) = 3*f + 119. What is the remainder when m(-6) is divided by 48?
5
Calculate the remainder when 164 is divided by ((-2)/4)/((35/240)/(-7)).
20
Suppose -12 = 3*u + 15. Let n = -17 - u. What is the remainder when (0 - 84/n)*2 is divided by 11?
10
Suppose 0 = 3*p - 6. Let b(h) = h**3 - 2*h**2 + 2*h - 7. Let v be b(0). Let j = p - v. What is the remainder when 16 is divided by j?
7
Suppose -w + 2*w = 33. Let q(k) = -8 + 206*k - 211*k + 1. Calculate the remainder when w is divided by q(-5).
15
What is the remainder when 121 is divided by (-1)/(-3) - (-164)/12?
9
Suppose 0 = -x + 3*b + 12, 0 = -4*x + 5*b - b + 40. What is the remainder when 123 is divided by x?
6
Let b(d) = -d**3 + 7 + 2*d**3 - 6*d - 76*d**2 + 70*d**2. Calculate the remainder when 25 is divided by b(7).
11
Let j = -6 + 17. What is the remainder when 6/2*(-205)/(-15) is divided by j?
8
Suppose 12*o = -8 + 32. Suppose 0 = -o*m + 253 + 41. Calculate the remainder when m is divided by 50.
47
What is the remainder when 112 is divided by (532/(-98))/((-2)/14)?
36
Suppose 951 + 285 = 3*h. Calculate the remainder when h is divided by 18.
16
Suppose -47*d + 46*d + 28 = 0. Suppose 4*n - d = 2*n. What is the remainder when n is divided by 11?
3
Let l be (-2 + 1)*-2*(1 - 0). Suppose 3*t = 5*x - 420, l*x = -5*t + 8*t + 159. Calculate the remainder when x is divided by 11.
10
Let u(t) = -3*t**3 + 2*t**2 + 5*t + 1. Let p be u(-2). Let c = p + -14. What is the remainder when 15 is divided by c?
6
Suppose -2*h = -2*c - 0*h + 94, 2*c = 4*h + 102. Let s = c + -35. Suppose 0*z + 155 = 5*z. What is the remainder when z is divided by s?
7
Let i = 316 + -304. What is the remainder when 21 is divided by i?
9
Suppose -2*z = -190 - 186. What is the remainder when z is divided by 64?
60
Suppose -h + 29 = 5*x + 2*h, h - 11 = -2*x. Let v be 1*(2/8)/((-4)/(-208)). What is the remainder when (v/(-26))/(2/(-56)) is divided by x?
2
Suppose 3*m + 0*m + 175 = -y, y = 4*m + 224. Let w = -21 - m. What is the remainder when w is divided by 19?
17
Let g(z) = 41 - 45 + 3*z + 4*z**2 - 4*z. Let j be g(-4). Suppose 5*m - 3*m = j. What is the remainder when m is divided by 11?
10
Let r = 46 + 16. Calculate the remainder when r is divided by 4.
2
Let q = 136 + -86. What is the remainder when 249 is divided by q?
49
Suppose 3510 = 110*l - 92*l. What is the remainder when l is divided by 28?
27
Let z(y) = -3*y - 8. Let m be z(3). Let s = m + 47. What is the remainder when s is divided by 8?
6
Suppose -253 = -g - 0*g. Suppose -229 = 81*b - 85*b + 5*v, 87 = 2*b + 3*v. Calculate the remainder when g is divided by b.
49
Suppose 84 = 3*u - 3*a, -u + 2*u - 4*a = 31. What is the remainder when 239 is divided by u?
23
Let b = -22 + 28. Suppose 10 = -y + 30. Suppose b*c - y = c. What is the remainder when 7 is divided by c?
3
Let b(q) = -48*q - 1. Let f = 41 - 44. Calculate the remainder when b(f) is divided by 18.
17
Suppose -c = -5 + 1. Suppose 0 = -4*t - 363 + 131. Let p = t + 68. What is the remainder when p is divided by c?
2
Suppose -4*w + 155 = -z, 2*w = 5*z - 7*z + 90. Calculate the remainder when 115 is divided by w.
35
Suppose 4*l - 173 = 2*n + 37, -3*l - 3*n = -171. What is the remainder when 57 is divided by l?
3
Let m(d) = -8*d + 65. Calculate the remainder when m(5) is divided by 2.
1
Suppose -3*v + 177 = -2*o + 5*o, 3*o = -4*v + 173. Calculate the remainder when o is divided by 16.
15
Let s = -642 - -674. What is the remainder when s is divided by 11?
10
Let f = -2523 + 2554. Suppose 7*x - 200 = -3*u + 2*x, 0 = 3*x - 12. What is the remainder when u is divided by f?
29
Suppose -372 = -5*i + 4*h, -5*i + 210*h = 207*h - 374. What is the remainder when 224 is divided by i?
72
What is the remainder when 3/(-2)*(-2380)/210 is divided by 3?
2
Let q be (-82)/(-3) + (-2)/(-3). Let w = q - 73. What is the remainder when (15/w)/((-1)/9) is divided by 3?
0
Suppose v - 2610 + 2505 = 0. What is the remainder when v is divided by 37?
31
Let b(q) = 78*q - 11. Let d(s) = -26*s + 4. Let p(x) = -3*b(x) - 8*d(x). Suppose -22*n + 17*n = 